-10
Let h(t) = -47*t**2 - 19*t - 135. Determine h(0).
-135
Let k(o) = -o**3 - 163*o**2 - 4175*o + 2221. Calculate k(-131).
-6
Let j(v) = -v**3 + 162*v**2 - 249*v + 40316. Calculate j(162).
-22
Let z(s) = -3616*s - 177238. Determine z(-49).
-54
Let c(b) = 205*b**2 + 77*b - 252. Calculate c(3).
1824
Let p(v) = 254*v - 42153. Determine p(166).
11
Let u(v) = 12*v**3 - 473*v**2 + 190*v + 142. Determine u(39).
-53
Let p(q) = -182*q - 2415. What is p(-10)?
-595
Let l(n) = 428*n - 149346. Give l(350).
454
Let t(q) = q**2 + 195*q + 2834. Give t(-177).
-352
Let t(p) = -35*p**2 + 442*p - 3890. Calculate t(9).
-2747
Let l(k) = 4*k**2 + 1968*k + 172271. Determine l(-114).
-97
Let l(q) = 471*q - 9835. Calculate l(28).
3353
Let o(j) = -12*j**3 - 2*j**2 - 51*j + 241. Determine o(4).
-763
Let d(y) = 5*y**2 + 3747*y - 26300. Give d(7).
174
Let s(v) = 3*v**2 + 76*v - 3746. Give s(39).
3781
Let x(c) = -3961*c + 23305. What is x(6)?
-461
Let j(s) = -s**2 - 617*s + 7564. Determine j(12).
16
Let p(v) = -511*v + 85879. Determine p(168).
31
Let t(u) = -16*u**2 + 13*u - 40. What is t(5)?
-375
Let n(g) = -9*g**3 - 773*g**2 + 81*g - 679. Calculate n(-86).
-249
Let v(l) = 4*l**3 - 149*l**2 + 2484*l - 16533. Calculate v(14).
15
Let q(c) = 3224*c + 3483. Determine q(-1).
259
Let i(m) = 4575*m - 292832. Calculate i(64).
-32
Let z(f) = -13*f**3 + 9992*f**2 + 3785*f + 46139. What is z(769)?
-1
Let d(b) = -108*b**3 - 1835*b**2 + 1846*b + 31099. Give d(-17).
6
Let n(c) = -29930*c - 149623. Give n(-5).
27
Let l(b) = -70*b**2 - 288*b + 4. Calculate l(-5).
-306
Let z(k) = 408*k**2 + 90166*k - 448. Give z(-221).
-6
Let j(b) = 1533*b - 3132. Determine j(2).
-66
Let b(k) = 6*k**3 + 23*k**2 + 151*k - 6. Determine b(-9).
-3876
Let c(n) = -5*n**3 + 42*n**2 + n + 36. Calculate c(5).
466
Let s(j) = -597*j - 5866. What is s(-9)?
-493
Let l(j) = 32*j**2 + 1163*j + 426. Calculate l(-38).
2440
Let t(l) = 337039*l + 337047. Give t(-1).
8
Let f(h) = -4246*h**2 + 25470*h - 4. Calculate f(6).
-40
Let x(i) = -4*i**2 - 129*i + 1384. What is x(10)?
-306
Let u(n) = -9857*n + 88655. Calculate u(9).
-58
Let l(q) = -89940*q + 899401. What is l(10)?
1
Let o(k) = -k**2 - 454*k - 12977. Determine o(-30).
-257
Let i(z) = 8*z**2 - 45366*z - 90760. Determine i(-2).
4
Let o(j) = j**3 + 197*j**2 + 1717*j + 4547. Determine o(-188).
-153
Let n(h) = -968*h + 90047. What is n(93)?
23
Let d(t) = t**2 + 1096*t + 1154. Calculate d(0).
1154
Let j(r) = r**3 + 38*r**2 - 232*r - 2574. Determine j(-42).
114
Let l(p) = 88858*p - 799729. Give l(9).
-7
Let p(r) = 393*r**2 - 3163*r + 157. What is p(8)?
5
Let c(p) = -p**3 - 1196*p**2 + 2402*p - 7. Calculate c(2).
5
Let n(y) = y**2 - 21260*y + 827619. What is n(39)?
0
Let v(x) = 10728*x + 11146. Calculate v(-1).
418
Let v(s) = 334*s + 27267. Give v(-81).
213
Let p(r) = 3*r**2 - 610*r + 22687. Give p(49).
0
Let b(g) = -299*g - 707. What is b(0)?
-707
Let x(v) = -v**2 - 15044*v - 884122. Calculate x(-59).
-7
Let s(r) = 2*r**2 + 24672*r + 492657. Determine s(-20).
17
Let i(z) = -z**3 - 9*z**2 - 19*z + 583. Determine i(12).
-2669
Let s(r) = 1109*r - 120454. What is s(109)?
427
Let t(u) = -15*u**3 + 653*u**2 - 969*u + 43. What is t(42)?
-83
Let p(m) = -m**3 + 13*m**2 - 452*m + 4635. Give p(11).
-95
Let d(g) = g**2 - 87*g + 2021. What is d(36)?
185
Let a(v) = -v**3 - 50*v**2 + 452*v - 64. What is a(8)?
-160
Let c(m) = m**3 + 18*m**2 + 1721*m + 14780. Determine c(-9).
20
Let a(t) = 116*t**3 - 2*t**2 - 3*t - 5. Determine a(-1).
-120
Let s(c) = 16974*c - 50813. Calculate s(3).
109
Let j(k) = 19*k**2 - 367*k + 1719. Determine j(9).
-45
Let k(m) = -90724*m + 8074428. Determine k(89).
-8
Let w(z) = -103*z**2 + 2072*z - 2179. Calculate w(19).
6
Let n(s) = -157075*s + 4241042. What is n(27)?
17
Let z(a) = -30488*a + 213486. Calculate z(7).
70
Let n(h) = 1530*h - 4102. Determine n(4).
2018
Let b(p) = 11*p**2 - 164*p + 67. Give b(13).
-206
Let x(m) = -2*m**3 - 14*m**2 + 3156*m - 12556. Determine x(34).
-44
Let o(n) = -36*n**2 - 17543*n - 5297. Give o(-487).
60
Let a(q) = 1270*q - 109127. Determine a(86).
93
Let l(q) = q**2 + 76*q - 24261. Calculate l(-198).
-105
Let s(y) = 2*y**3 - 239*y**2 + 3543*y + 2756. Give s(102).
2
Let o(k) = k**3 - 61*k**2 - 1323*k - 192. Calculate o(78).
42
Let i(y) = 8805*y - 352044. Calculate i(40).
156
Let n(t) = 81586*t + 3100313. Calculate n(-38).
45
Let f(c) = 44*c**2 + 251*c + 282. Calculate f(-1).
75
Let o(l) = -386517*l + 4638205. Calculate o(12).
1
Let b(l) = 271*l**2 + 5346*l - 178. Calculate b(-20).
1302
Let s(q) = -5638*q - 22459. What is s(-4)?
93
Let n(k) = k**3 - 66*k**2 - 4102*k + 141. Give n(-39).
414
Let x(o) = -23515*o + 140876. What is x(6)?
-214
Let i(u) = -46889*u + 234427. Determine i(5).
-18
Let b(c) = 54028*c + 5294740. What is b(-98)?
-4
Let r(s) = -7004*s - 87535. Give r(-12).
-3487
Let c(g) = g**2 + 30063*g + 210383. Give c(-7).
-9
Let s(a) = a**3 + 3631*a**2 + 14540*a + 134. Determine s(-4).
6
Let p(m) = m**3 + 75*m**2 - 382*m - 33746. Determine p(-74).
-2
Let b(d) = -22695*d + 136080. Give b(6).
-90
Let r(m) = -m**2 - 42*m - 461. Determine r(54).
-5645
Let s(r) = -4657*r + 549498. Give s(118).
-28
Let t(z) = -z**2 + 339*z - 25888. Calculate t(95).
-2708
Let w(b) = 398*b + 4324. Calculate w(-11).
-54
Let d(v) = 5203*v + 910511. Calculate d(-175).
-14
Let o(s) = -64*s - 1328. Calculate o(-87).
4240
Let p(q) = 27377*q - 109918. Give p(4).
-410
Let j(q) = -35281*q + 1128939. Determine j(32).
-53
Let n(q) = -29253*q + 175518. What is n(6)?
0
Let v(y) = 3*y**2 + 401*y - 146909. Give v(-298).
5
Let p(j) = 2477*j + 7380. What is p(-3)?
-51
Let m(l) = 5*l**3 + 31*l**2 - 136*l - 100. What is m(-9)?
-10
Let r(a) = 1394*a - 114338. Calculate r(83).
1364
Let r(d) = 2*d**3 + 161*d**2 + 87*d + 1211. Determine r(-80).
651
Let p(o) = 132*o + 4927. Give p(-35).
307
Let u(k) = -15*k**3 + 159*k**2 + 25*k - 23. What is u(10)?
1127
Let k(d) = 184*d - 33638. Determine k(182).
-150
Let y(a) = 2*a**3 - 13*a**2 + 227*a - 2020. Determine y(8).
-12
Let y(u) = -498*u**3 + 1417*u**2 + 234*u - 8. Calculate y(3).
1
Let f(p) = 2*p**2 + 439*p + 4157. Determine f(-10).
-33
Let f(t) = 600306*t**2 - 4202148*t + 36. Calculate f(7).
-6
Let k(h) = 98542*h + 493086. Determine k(-5).
376
Let d(i) = 391*i - 60705. Calculate d(155).
-100
Let a(m) = 2*m**3 + 278*m**2 - 2323*m + 3. What is a(8)?
235
Let u(a) = -34*a**3 - 130*a**2 - a - 32. Give u(-4).
68
Let v(y) = 13289*y + 26548. Calculate v(-2).
-30
Let n(r) = 10*r**2 - 284*r - 152. Determine n(29).
22
Let p(f) = f**3 - 189*f**2 + 13*f - 38562. Determine p(190).
8
Let f(l) = 47*l**3 + 10434*l**2 - 2*l + 1. What is f(-222)?
445
Let s(v) = -1230*v - 1318. Give s(-1).
-88
Let b(k) = -4188*k + 66985. Give b(16).
-23
Let s(x) = -2*x**3 + 124*x**2 - 334*x + 110. Determine s(59).
1290
Let v(m) = 38*m**2 + 8717*m + 3576. What is v(-229)?
141
Let f(r) = 241*r**2 + 112*r + 18. Give f(-3).
1851
Let w(u) = -u**3 + 66*u**2 + 11217*u + 2162. Determine w(144).
2
Let o(l) = l**2 - 185*l - 1363. What is o(-8)?
181
Let r(q) = q**3 + 67*q**2 + 83*q + 4898. Determine r(-67).
-663
Let k(t) = 771*t - 3197. Calculate k(4).
-113
Let u(y) = -2*y**3 + 210*y**2 - 211*y - 13. What is u(104)?
-325
Let t(o) = -o**2 - 533*o + 11066. Calculate t(22).
-1144
Let b(h) = h**3 + 57*h**2 + 354*h + 146. What is b(-50)?
-54
Let a(m) = -2505*m**2 + 125252*m - 92. Calculate a(50).
8
Let o(y) = y**2 - 82*y + 370. Determine o(6).
-86
Let p(o) = 5*o**3 - o**2 - 66*o + 191. Calculate p(3).
119
Let h(x) = 3*x**2 + 62*x - 131. What is h(0)?
-131
Let q(v) = 37490*v + 2174414. Calculate q(-58).
-6
Let t(d) = 8*d**3 - 262*d**2 + 2183*d - 25407. What is t(27)?
0
Let u(m) = m**3 - 48*m**2 - 1053*m + 50537. What is u(48)?
-7
Let u(t) = -29*t**2 - 338*t - 1066. Give u(-5).
-101
Let n(p) = -73362*p - 14. Determine n(0).
-14
Let l(m) = m**3 + 33*m**2 + 112*m + 41. Calculate l(-30).
-619
Let z(g) = -3863*g - 23489. Calculate z(-6).
-311
Let p(m) = -10*m**2 - 360*m - 3125. Calculate p(-15).
25
Let z(g) = g**3 + 14*g**2 + 20*g - 86. What is z(-12)?
-38
Let y(x) = -45*x**2 + 1453*x - 10665. Give y(21).
3
Let h(b) = -172*b**2 + 27710*b - 2892. What is h(161)?
6
Let x(v) = -249386*v - 1246930. Calculate x(-5).
0
Let v(m) = -41*m**3 - 862*m**2 + 7*m + 596. Calculate v(-21).
8
Let h(t) = 42